{"id":13,"date":"2014-10-27T00:05:22","date_gmt":"2014-10-26T23:05:22","guid":{"rendered":"http:\/\/www.chirurgieesthetique-namur.be\/?page_id=13"},"modified":"2019-03-01T16:18:23","modified_gmt":"2019-03-01T15:18:23","slug":"nos-services","status":"publish","type":"page","link":"https:\/\/www.chirurgieesthetique-namur.be\/?page_id=13","title":{"rendered":"Nos services"},"content":{"rendered":"<p>&nbsp;<\/p>\n<h1><img decoding=\"async\" loading=\"lazy\" class=\"alignnone size-full wp-image-149 portfolio-lazyLoad\" src=\"http:\/\/www.chirurgieesthetique-namur.be\/wp-content\/uploads\/2014\/10\/illu_competences.jpg\" data-original=\"http:\/\/www.chirurgieesthetique-namur.be\/wp-content\/uploads\/2014\/10\/illu_competences.jpg\" alt=\"illu_competences\" width=\"1250\" height=\"582\" srcset=\"https:\/\/www.chirurgieesthetique-namur.be\/wp-content\/uploads\/2014\/10\/illu_competences.jpg 1250w, https:\/\/www.chirurgieesthetique-namur.be\/wp-content\/uploads\/2014\/10\/illu_competences-300x140.jpg 300w, https:\/\/www.chirurgieesthetique-namur.be\/wp-content\/uploads\/2014\/10\/illu_competences-1024x477.jpg 1024w\" sizes=\"(max-width: 1250px) 100vw, 1250px\" \/><noscript><img decoding=\"async\" loading=\"lazy\" class=\"alignnone size-full wp-image-149 portfolio-lazyLoad\" src=\"http:\/\/www.chirurgieesthetique-namur.be\/wp-content\/uploads\/2014\/10\/illu_competences.jpg\" alt=\"illu_competences\" width=\"1250\" height=\"582\" srcset=\"https:\/\/www.chirurgieesthetique-namur.be\/wp-content\/uploads\/2014\/10\/illu_competences.jpg 1250w, https:\/\/www.chirurgieesthetique-namur.be\/wp-content\/uploads\/2014\/10\/illu_competences-300x140.jpg 300w, https:\/\/www.chirurgieesthetique-namur.be\/wp-content\/uploads\/2014\/10\/illu_competences-1024x477.jpg 1024w\" sizes=\"(max-width: 1250px) 100vw, 1250px\" \/><\/noscript><\/h1>\n<h1>Des comp\u00e9tences compl\u00e9mentaires<\/h1>\n<div class=\"one_half rnr-column\">L\u2019\u00e9quipe de Chirurgie Plastique et Esth\u00e9tique de Namur est compos\u00e9e de cinq chirurgiens aux comp\u00e9tences compl\u00e9mentaires. Parall\u00e8lement aux activit\u00e9s de chirurgie plastique g\u00e9n\u00e9rale et de prise en charge des tumeurs cutan\u00e9es et des sarcomes se sont d\u00e9velopp\u00e9s plusieurs p\u00f4les d\u2019excellence.<\/p>\n<p>Les chirurgies esth\u00e9tiques du visage comportent notamment les proc\u00e9dures de liftings cervicofaciaux, de lipostructure du visage et de lipoaspiration du cou. La chirurgie esth\u00e9tique du sein quant \u00e0 elle regroupe principalement les op\u00e9rations d\u2019augmentation et de pexie mammaire. Au sein d\u2019une collaboration tr\u00e8s active avec la Clinique de l\u2019ob\u00e9sit\u00e9 de la Clinique Ste Elisabeth, se sont \u00e9tablies des comp\u00e9tences particuli\u00e8res en chirurgie de correction corporelle apr\u00e8s amaigrissement massif. Cette discipline comporte des comp\u00e9tences en mati\u00e8re de bodylift, de liftings de bras et de cuisses ainsi que de chirurgie esth\u00e9tique du sein. En d\u00e9coule \u00e9galement une connaissance approfondie des diverses chirurgies de la silhouette en dehors du contexte de l\u2019amaigrissement massif.<\/p>\n<p>Le recours \u00e0 la reconstruction mammaire apr\u00e8s cancer du sein est de nos jours quasi syst\u00e9matique. Dans la mesure du possible, la reconstruction sera imm\u00e9diate (dans le m\u00eame temps que l\u2019ablation du sein) mais elle peut \u00e9galement \u00eatre secondaire, partielle ou compl\u00e8te. L\u2019\u00e9volution vers des techniques microchirurgicales a consid\u00e9rablement \u00e9largi l\u2019\u00e9ventail et la qualit\u00e9 des reconstructions.<\/p>\n<\/div>\n<div class=\"one_half rnr-column last\">D\u2019autre part, dans le cadre d\u2019une collaboration active avec la Clinique du sein, la chirurgie oncoplastique (remodelage du sein dans le m\u00eame temps que la prise en charge de la tumeur) connait \u00e9galement un essor grandissant. Les techniques de reconstructions microchirurgicales sp\u00e9cifiques aux s\u00e9quelles post-traumatiques ou canc\u00e9reuses des membres et de la r\u00e9gion cervico-faciale sont prises en charge essentiellement sur le site du CHU Mont-Godinne. Le suivi des plaies chroniques y est \u00e9galement assur\u00e9 au sein de la Clinique des plaies.<\/p>\n<p>Outres ses activit\u00e9s cliniques, le service de chirurgie plastique et esth\u00e9tique de Namur est actif dans l\u2019enseignement. Les cours de chirurgie plastique font partie int\u00e9grante de la formation des \u00e9tudiants infirmiers de l\u2019HENAM ainsi que des \u00e9tudiants infirmiers candidats \u00e0 la sp\u00e9cialit\u00e9 d\u2019infirmier de salle d\u2019op\u00e9ration.<\/div><div class=\"clear\"><\/div>\n","protected":false},"excerpt":{"rendered":"<p>&nbsp; Des comp\u00e9tences compl\u00e9mentaires<\/p>\n","protected":false},"author":1,"featured_media":0,"parent":0,"menu_order":0,"comment_status":"open","ping_status":"open","template":"","meta":[],"_links":{"self":[{"href":"https:\/\/www.chirurgieesthetique-namur.be\/index.php?rest_route=\/wp\/v2\/pages\/13"}],"collection":[{"href":"https:\/\/www.chirurgieesthetique-namur.be\/index.php?rest_route=\/wp\/v2\/pages"}],"about":[{"href":"https:\/\/www.chirurgieesthetique-namur.be\/index.php?rest_route=\/wp\/v2\/types\/page"}],"author":[{"embeddable":true,"href":"https:\/\/www.chirurgieesthetique-namur.be\/index.php?rest_route=\/wp\/v2\/users\/1"}],"replies":[{"embeddable":true,"href":"https:\/\/www.chirurgieesthetique-namur.be\/index.php?rest_route=%2Fwp%2Fv2%2Fcomments&post=13"}],"version-history":[{"count":10,"href":"https:\/\/www.chirurgieesthetique-namur.be\/index.php?rest_route=\/wp\/v2\/pages\/13\/revisions"}],"predecessor-version":[{"id":521,"href":"https:\/\/www.chirurgieesthetique-namur.be\/index.php?rest_route=\/wp\/v2\/pages\/13\/revisions\/521"}],"wp:attachment":[{"href":"https:\/\/www.chirurgieesthetique-namur.be\/index.php?rest_route=%2Fwp%2Fv2%2Fmedia&parent=13"}],"curies":[{"name":"wp","href":"https:\/\/api.w.org\/{rel}","templated":true}]}}